[INFO] cloning repository https://github.com/renato-zannon/rdm
[INFO] running `Command { std: "git" "-c" "credential.helper=" "-c" "credential.helper=/workspace/cargo-home/bin/git-credential-null" "clone" "--bare" "https://github.com/renato-zannon/rdm" "/workspace/cache/git-repos/https%3A%2F%2Fgithub.com%2Frenato-zannon%2Frdm", kill_on_drop: false }`
[INFO] [stderr] Cloning into bare repository '/workspace/cache/git-repos/https%3A%2F%2Fgithub.com%2Frenato-zannon%2Frdm'...
[INFO] running `Command { std: "git" "rev-parse" "HEAD", kill_on_drop: false }`
[INFO] [stdout] a008928805b9aad64c552526a0a1860c2bf4b0ed
[INFO] checking renato-zannon/rdm against try#72f88fc4e9458f89516a0b8b0868f3718aec5b47 for pr-74989
[INFO] running `Command { std: "git" "clone" "/workspace/cache/git-repos/https%3A%2F%2Fgithub.com%2Frenato-zannon%2Frdm" "/workspace/builds/worker-3/source", kill_on_drop: false }`
[INFO] [stderr] Cloning into '/workspace/builds/worker-3/source'...
[INFO] [stderr] done.
[INFO] validating manifest of git repo https://github.com/renato-zannon/rdm on toolchain 72f88fc4e9458f89516a0b8b0868f3718aec5b47
[INFO] running `Command { std: "/workspace/cargo-home/bin/cargo" "+72f88fc4e9458f89516a0b8b0868f3718aec5b47" "read-manifest" "--manifest-path" "Cargo.toml", kill_on_drop: false }`
[INFO] started tweaking git repo https://github.com/renato-zannon/rdm
[INFO] finished tweaking git repo https://github.com/renato-zannon/rdm
[INFO] tweaked toml for git repo https://github.com/renato-zannon/rdm written to /workspace/builds/worker-3/source/Cargo.toml
[INFO] crate git repo https://github.com/renato-zannon/rdm already has a lockfile, it will not be regenerated
[INFO] running `Command { std: "/workspace/cargo-home/bin/cargo" "+72f88fc4e9458f89516a0b8b0868f3718aec5b47" "fetch" "--locked" "--manifest-path" "Cargo.toml", kill_on_drop: false }`
[INFO] [stderr] error: the lock file /workspace/builds/worker-3/source/Cargo.lock needs to be updated but --locked was passed to prevent this
[INFO] [stderr] If you want to try to generate the lock file without accessing the network, use the --offline flag.
[INFO] the lockfile is outdated, regenerating it
[INFO] running `Command { std: "/workspace/cargo-home/bin/cargo" "+72f88fc4e9458f89516a0b8b0868f3718aec5b47" "generate-lockfile" "--manifest-path" "Cargo.toml" "-Zno-index-update", kill_on_drop: false }`
[INFO] running `Command { std: "/workspace/cargo-home/bin/cargo" "+72f88fc4e9458f89516a0b8b0868f3718aec5b47" "fetch" "--locked" "--manifest-path" "Cargo.toml", kill_on_drop: false }`
[INFO] running `Command { std: "docker" "create" "-v" "/var/lib/crater-agent-workspace/builds/worker-3/target:/opt/rustwide/target:rw,Z" "-v" "/var/lib/crater-agent-workspace/builds/worker-3/source:/opt/rustwide/workdir:ro,Z" "-v" "/var/lib/crater-agent-workspace/cargo-home:/opt/rustwide/cargo-home:ro,Z" "-v" "/var/lib/crater-agent-workspace/rustup-home:/opt/rustwide/rustup-home:ro,Z" "-e" "SOURCE_DIR=/opt/rustwide/workdir" "-e" "CARGO_TARGET_DIR=/opt/rustwide/target" "-e" "CARGO_HOME=/opt/rustwide/cargo-home" "-e" "RUSTUP_HOME=/opt/rustwide/rustup-home" "-w" "/opt/rustwide/workdir" "-m" "1610612736" "--user" "0:0" "--network" "none" "rustops/crates-build-env@sha256:d92eaeed33fa75130ca1ee6c8a01d1ffb62bac859dfdfb3450e3e5d1c0146529" "/opt/rustwide/cargo-home/bin/cargo" "+72f88fc4e9458f89516a0b8b0868f3718aec5b47" "metadata" "--no-deps" "--format-version=1", kill_on_drop: false }`
[INFO] [stderr] WARNING: Your kernel does not support swap limit capabilities or the cgroup is not mounted. Memory limited without swap.
[INFO] [stdout] 44c92a231983c16f57df9eb7d72d1c47758ad1b43733a47a20c66e2c02b5138c
[INFO] running `Command { std: "docker" "start" "-a" "44c92a231983c16f57df9eb7d72d1c47758ad1b43733a47a20c66e2c02b5138c", kill_on_drop: false }`
[INFO] running `Command { std: "docker" "inspect" "44c92a231983c16f57df9eb7d72d1c47758ad1b43733a47a20c66e2c02b5138c", kill_on_drop: false }`
[INFO] running `Command { std: "docker" "rm" "-f" "44c92a231983c16f57df9eb7d72d1c47758ad1b43733a47a20c66e2c02b5138c", kill_on_drop: false }`
[INFO] [stdout] 44c92a231983c16f57df9eb7d72d1c47758ad1b43733a47a20c66e2c02b5138c
[INFO] running `Command { std: "docker" "create" "-v" "/var/lib/crater-agent-workspace/builds/worker-3/target:/opt/rustwide/target:rw,Z" "-v" "/var/lib/crater-agent-workspace/builds/worker-3/source:/opt/rustwide/workdir:ro,Z" "-v" "/var/lib/crater-agent-workspace/cargo-home:/opt/rustwide/cargo-home:ro,Z" "-v" "/var/lib/crater-agent-workspace/rustup-home:/opt/rustwide/rustup-home:ro,Z" "-e" "SOURCE_DIR=/opt/rustwide/workdir" "-e" "CARGO_TARGET_DIR=/opt/rustwide/target" "-e" "CARGO_INCREMENTAL=0" "-e" "RUST_BACKTRACE=full" "-e" "RUSTFLAGS=--cap-lints=forbid" "-e" "CARGO_HOME=/opt/rustwide/cargo-home" "-e" "RUSTUP_HOME=/opt/rustwide/rustup-home" "-w" "/opt/rustwide/workdir" "-m" "1610612736" "--user" "0:0" "--network" "none" "rustops/crates-build-env@sha256:d92eaeed33fa75130ca1ee6c8a01d1ffb62bac859dfdfb3450e3e5d1c0146529" "/opt/rustwide/cargo-home/bin/cargo" "+72f88fc4e9458f89516a0b8b0868f3718aec5b47" "check" "--frozen" "--all" "--all-targets" "--message-format=json", kill_on_drop: false }`
[INFO] [stdout] de9053cd902a8f9d87abb7e3ecc0f81317d2c18e9ed10a1b1ba2810dadc01f87
[INFO] [stderr] WARNING: Your kernel does not support swap limit capabilities or the cgroup is not mounted. Memory limited without swap.
[INFO] running `Command { std: "docker" "start" "-a" "de9053cd902a8f9d87abb7e3ecc0f81317d2c18e9ed10a1b1ba2810dadc01f87", kill_on_drop: false }`
[INFO] [stderr]     Blocking waiting for file lock on package cache
[INFO] [stderr]    Compiling proc-macro2 v1.0.21
[INFO] [stderr]    Compiling libc v0.2.77
[INFO] [stderr]    Compiling unicode-xid v0.2.1
[INFO] [stderr]    Compiling syn v1.0.41
[INFO] [stderr]     Checking cfg-if v0.1.10
[INFO] [stderr]    Compiling memchr v2.3.3
[INFO] [stderr]    Compiling log v0.4.11
[INFO] [stderr]     Checking lazy_static v1.4.0
[INFO] [stderr]    Compiling version_check v0.9.2
[INFO] [stderr]    Compiling pin-project-internal v0.4.23
[INFO] [stderr]     Checking fnv v1.0.7
[INFO] [stderr]     Checking bytes v0.5.6
[INFO] [stderr]     Checking futures-core v0.3.5
[INFO] [stderr]    Compiling autocfg v1.0.1
[INFO] [stderr]     Checking slab v0.4.2
[INFO] [stderr]     Checking pin-project-lite v0.1.7
[INFO] [stderr]     Checking itoa v0.4.6
[INFO] [stderr]    Compiling serde_derive v1.0.116
[INFO] [stderr]     Checking regex-syntax v0.6.18
[INFO] [stderr]    Compiling proc-macro-hack v0.5.18
[INFO] [stderr]     Checking pin-utils v0.1.0
[INFO] [stderr]     Checking matches v0.1.8
[INFO] [stderr]    Compiling httparse v1.3.4
[INFO] [stderr]     Checking hashbrown v0.9.0
[INFO] [stderr]     Checking futures-task v0.3.5
[INFO] [stderr]     Checking futures-sink v0.3.5
[INFO] [stderr]     Checking tinyvec v0.3.4
[INFO] [stderr]    Compiling const_fn v0.4.2
[INFO] [stderr]    Compiling serde v1.0.116
[INFO] [stderr]     Checking try-lock v0.2.3
[INFO] [stderr]     Checking quick-error v1.2.3
[INFO] [stderr]     Checking termcolor v1.1.0
[INFO] [stderr]     Checking percent-encoding v2.1.0
[INFO] [stderr]     Checking tower-service v0.3.0
[INFO] [stderr]     Checking strsim v0.9.3
[INFO] [stderr]     Checking rustc-serialize v0.3.24
[INFO] [stderr]     Checking uuid v0.8.1
[INFO] [stderr]     Checking thread_local v1.0.1
[INFO] [stderr]     Checking tracing-core v0.1.16
[INFO] [stderr]     Checking futures-channel v0.3.5
[INFO] [stderr]     Checking unicode-bidi v0.3.4
[INFO] [stderr]    Compiling standback v0.2.10
[INFO] [stderr]    Compiling time v0.2.19
[INFO] [stderr]     Checking humantime v1.3.0
[INFO] [stderr]    Compiling indexmap v1.6.0
[INFO] [stderr]     Checking http v0.2.1
[INFO] [stderr]     Checking unicode-normalization v0.1.13
[INFO] [stderr]     Checking tracing v0.1.19
[INFO] [stderr]     Checking want v0.3.0
[INFO] [stderr]     Checking aho-corasick v0.7.13
[INFO] [stderr]    Compiling quote v1.0.7
[INFO] [stderr]     Checking iovec v0.1.4
[INFO] [stderr]     Checking net2 v0.2.35
[INFO] [stderr]     Checking time v0.1.44
[INFO] [stderr]     Checking socket2 v0.3.15
[INFO] [stderr]     Checking atty v0.2.14
[INFO] [stderr]     Checking idna v0.2.0
[INFO] [stderr]     Checking mio v0.6.22
[INFO] [stderr]     Checking url v2.1.1
[INFO] [stderr]     Checking tokio v0.2.22
[INFO] [stderr]     Checking http-body v0.3.1
[INFO] [stderr]     Checking regex v1.3.9
[INFO] [stderr]     Checking env_logger v0.7.1
[INFO] [stderr]     Checking tokio-util v0.3.1
[INFO] [stderr]    Compiling time-macros-impl v0.1.1
[INFO] [stderr]     Checking time-macros v0.1.0
[INFO] [stderr]     Checking pin-project v0.4.23
[INFO] [stderr]     Checking futures-util v0.3.5
[INFO] [stderr]     Checking h2 v0.2.6
[INFO] [stderr]     Checking hyper v0.13.7
[INFO] [stderr]     Checking docopt v1.1.0
[INFO] [stderr]     Checking rdm v0.0.1 (/opt/rustwide/workdir)
[INFO] [stdout] error[E0469]: imported macro not found
[INFO] [stdout]   --> src/main.rs:29:13
[INFO] [stdout]    |
[INFO] [stdout] 29 | #[macro_use(header, deref)]
[INFO] [stdout]    |             ^^^^^^
[INFO] [stdout] 
[INFO] [stdout] 
[INFO] [stdout] error[E0469]: imported macro not found
[INFO] [stdout]   --> src/main.rs:29:21
[INFO] [stdout]    |
[INFO] [stdout] 29 | #[macro_use(header, deref)]
[INFO] [stdout]    |                     ^^^^^
[INFO] [stdout] 
[INFO] [stdout] 
[INFO] [stdout] error[E0469]: imported macro not found
[INFO] [stdout]   --> src/main.rs:29:13
[INFO] [stdout]    |
[INFO] [stdout] 29 | #[macro_use(header, deref)]
[INFO] [stdout]    |             ^^^^^^
[INFO] [stdout] 
[INFO] [stdout] 
[INFO] [stdout] error[E0469]: imported macro not found
[INFO] [stdout]   --> src/main.rs:29:21
[INFO] [stdout]    |
[INFO] [stdout] 29 | #[macro_use(header, deref)]
[INFO] [stdout]    |                     ^^^^^
[INFO] [stdout] 
[INFO] [stdout] 
[INFO] [stdout] error[E0432]: unresolved import `url::UrlParser`
[INFO] [stdout]   --> src/client.rs:20:16
[INFO] [stdout]    |
[INFO] [stdout] 20 | use url::{Url, UrlParser};
[INFO] [stdout]    |                ^^^^^^^^^
[INFO] [stdout]    |                |
[INFO] [stdout]    |                no `UrlParser` in the root
[INFO] [stdout]    |                help: a similar name exists in the module: `Parser`
[INFO] [stdout] 
[INFO] [stdout] 
[INFO] [stdout] error[E0432]: unresolved import `hyper::status`
[INFO] [stdout]   --> src/client.rs:25:12
[INFO] [stdout]    |
[INFO] [stdout] 25 | use hyper::status::{StatusCode, StatusClass};
[INFO] [stdout]    |            ^^^^^^ could not find `status` in `hyper`
[INFO] [stdout] 
[INFO] [stdout] 
[INFO] [stdout] error[E0432]: unresolved import `std::iter::Unfold`
[INFO] [stdout]    --> src/user_config.rs:121:9
[INFO] [stdout]     |
[INFO] [stdout] 121 |     use std::iter::Unfold;
[INFO] [stdout]     |         ^^^^^^^^^^^^^^^^^ no `Unfold` in `iter`
[INFO] [stdout] 
[INFO] [stdout] 
[INFO] [stdout] error: cannot find macro `header` in this scope
[INFO] [stdout]   --> src/client.rs:32:1
[INFO] [stdout]    |
[INFO] [stdout] 32 | header! {
[INFO] [stdout]    | ^^^^^^
[INFO] [stdout] 
[INFO] [stdout] 
[INFO] [stdout] error[E0432]: unresolved import `url::UrlParser`
[INFO] [stdout]   --> src/client.rs:20:16
[INFO] [stdout]    |
[INFO] [stdout] 20 | use url::{Url, UrlParser};
[INFO] [stdout]    |                ^^^^^^^^^
[INFO] [stdout]    |                |
[INFO] [stdout]    |                no `UrlParser` in the root
[INFO] [stdout]    |                help: a similar name exists in the module: `Parser`
[INFO] [stdout] 
[INFO] [stdout] 
[INFO] [stdout] error[E0432]: unresolved import `hyper::status`
[INFO] [stdout]   --> src/client.rs:25:12
[INFO] [stdout]    |
[INFO] [stdout] 25 | use hyper::status::{StatusCode, StatusClass};
[INFO] [stdout]    |            ^^^^^^ could not find `status` in `hyper`
[INFO] [stdout] 
[INFO] [stdout] 
[INFO] [stdout] error[E0432]: unresolved import `std::iter::Unfold`
[INFO] [stdout]    --> src/user_config.rs:121:9
[INFO] [stdout]     |
[INFO] [stdout] 121 |     use std::iter::Unfold;
[INFO] [stdout]     |         ^^^^^^^^^^^^^^^^^ no `Unfold` in `iter`
[INFO] [stdout] 
[INFO] [stdout] 
[INFO] [stdout] error: cannot find macro `header` in this scope
[INFO] [stdout]   --> src/client.rs:32:1
[INFO] [stdout]    |
[INFO] [stdout] 32 | header! {
[INFO] [stdout]    | ^^^^^^
[INFO] [stdout] 
[INFO] [stdout] 
[INFO] [stdout] error[E0412]: cannot find type `HttpError` in crate `hyper`
[INFO] [stdout]    --> src/client.rs:114:18
[INFO] [stdout]     |
[INFO] [stdout] 114 | impl From<hyper::HttpError> for Error {
[INFO] [stdout]     |                  ^^^^^^^^^ not found in `hyper`
[INFO] [stdout] 
[INFO] [stdout] 
[INFO] [stdout] error[E0412]: cannot find type `HttpError` in crate `hyper`
[INFO] [stdout]    --> src/client.rs:115:25
[INFO] [stdout]     |
[INFO] [stdout] 115 |     fn from(err: hyper::HttpError) -> Error {
[INFO] [stdout]     |                         ^^^^^^^^^ not found in `hyper`
[INFO] [stdout] 
[INFO] [stdout] 
[INFO] [stdout] error[E0425]: cannot find function, tuple struct or tuple variant `RedmineApiKey` in this scope
[INFO] [stdout]    --> src/client.rs:216:21
[INFO] [stdout]     |
[INFO] [stdout] 216 |             .header(RedmineApiKey(self.config.redmine_key().to_string()))
[INFO] [stdout]     |                     ^^^^^^^^^^^^^ not found in this scope
[INFO] [stdout] 
[INFO] [stdout] 
[INFO] [stdout] error[E0425]: cannot find function, tuple struct or tuple variant `ContentType` in module `header`
[INFO] [stdout]    --> src/client.rs:217:29
[INFO] [stdout]     |
[INFO] [stdout] 217 |             .header(header::ContentType("application/json".parse().unwrap()));
[INFO] [stdout]     |                             ^^^^^^^^^^^ not found in `header`
[INFO] [stdout]     |
[INFO] [stdout] help: consider importing this unit variant
[INFO] [stdout]     |
[INFO] [stdout] 17  | use client::header::name::StandardHeader::ContentType;
[INFO] [stdout]     |
[INFO] [stdout] 
[INFO] [stdout] 
[INFO] [stdout] error[E0425]: cannot find function `now` in crate `time`
[INFO] [stdout]   --> src/cache.rs:43:40
[INFO] [stdout]    |
[INFO] [stdout] 43 |                     let now    = time::now().to_timespec();
[INFO] [stdout]    |                                        ^^^ not found in `time`
[INFO] [stdout]    |
[INFO] [stdout] help: consider importing this function
[INFO] [stdout]    |
[INFO] [stdout] 17 | use user_config::io::sys::time::inner::now;
[INFO] [stdout]    |
[INFO] [stdout] 
[INFO] [stdout] 
[INFO] [stdout] error[E0433]: failed to resolve: could not find `Timespec` in `time`
[INFO] [stdout]   --> src/cache.rs:46:40
[INFO] [stdout]    |
[INFO] [stdout] 46 |                     let change = time::Timespec::new(cache_modified_sec as i64, 0);
[INFO] [stdout]    |                                        ^^^^^^^^ not found in `time`
[INFO] [stdout]    |
[INFO] [stdout] help: consider importing this struct
[INFO] [stdout]    |
[INFO] [stdout] 17 | use user_config::io::sys::time::Timespec;
[INFO] [stdout]    |
[INFO] [stdout] 
[INFO] [stdout] 
[INFO] [stdout] error[E0425]: cannot find function `set_exit_status` in module `env`
[INFO] [stdout]   --> src/main.rs:49:22
[INFO] [stdout]    |
[INFO] [stdout] 49 |                 env::set_exit_status(exit_status);
[INFO] [stdout]    |                      ^^^^^^^^^^^^^^^ not found in `env`
[INFO] [stdout] ...
[INFO] [stdout] 61 |     let args   = get_or_exit!(args::parse(),      e => e.exit_status());
[INFO] [stdout]    |                  ------------------------------------------------------ in this macro invocation
[INFO] [stdout]    |
[INFO] [stdout]    = note: this error originates in a macro (in Nightly builds, run with -Z macro-backtrace for more info)
[INFO] [stdout] 
[INFO] [stdout] 
[INFO] [stdout] error[E0425]: cannot find function `set_exit_status` in module `env`
[INFO] [stdout]   --> src/main.rs:49:22
[INFO] [stdout]    |
[INFO] [stdout] 49 |                 env::set_exit_status(exit_status);
[INFO] [stdout]    |                      ^^^^^^^^^^^^^^^ not found in `env`
[INFO] [stdout] ...
[INFO] [stdout] 62 |     let config = get_or_exit!(user_config::get());
[INFO] [stdout]    |                  -------------------------------- in this macro invocation
[INFO] [stdout]    |
[INFO] [stdout]    = note: this error originates in a macro (in Nightly builds, run with -Z macro-backtrace for more info)
[INFO] [stdout] 
[INFO] [stdout] 
[INFO] [stdout] error[E0425]: cannot find function `set_exit_status` in module `env`
[INFO] [stdout]   --> src/main.rs:49:22
[INFO] [stdout]    |
[INFO] [stdout] 49 |                 env::set_exit_status(exit_status);
[INFO] [stdout]    |                      ^^^^^^^^^^^^^^^ not found in `env`
[INFO] [stdout] ...
[INFO] [stdout] 65 |     let mut cache = get_or_exit!(cache::Cache::new(&mut client));
[INFO] [stdout]    |                     -------------------------------------------- in this macro invocation
[INFO] [stdout]    |
[INFO] [stdout]    = note: this error originates in a macro (in Nightly builds, run with -Z macro-backtrace for more info)
[INFO] [stdout] 
[INFO] [stdout] 
[INFO] [stdout] error[E0425]: cannot find function `set_exit_status` in module `env`
[INFO] [stdout]   --> src/main.rs:49:22
[INFO] [stdout]    |
[INFO] [stdout] 49 |                 env::set_exit_status(exit_status);
[INFO] [stdout]    |                      ^^^^^^^^^^^^^^^ not found in `env`
[INFO] [stdout] ...
[INFO] [stdout] 73 |             let status_id = get_or_exit!(find_status_id(&mut cache, &client, &status_name));
[INFO] [stdout]    |                             --------------------------------------------------------------- in this macro invocation
[INFO] [stdout]    |
[INFO] [stdout]    = note: this error originates in a macro (in Nightly builds, run with -Z macro-backtrace for more info)
[INFO] [stdout] 
[INFO] [stdout] 
[INFO] [stdout] error[E0425]: cannot find function `set_exit_status` in module `env`
[INFO] [stdout]   --> src/main.rs:49:22
[INFO] [stdout]    |
[INFO] [stdout] 49 |                 env::set_exit_status(exit_status);
[INFO] [stdout]    |                      ^^^^^^^^^^^^^^^ not found in `env`
[INFO] [stdout] ...
[INFO] [stdout] 75 |             get_or_exit!(client.update_issue(number, status_id));
[INFO] [stdout]    |             ----------------------------------------------------- in this macro invocation
[INFO] [stdout]    |
[INFO] [stdout]    = note: this error originates in a macro (in Nightly builds, run with -Z macro-backtrace for more info)
[INFO] [stdout] 
[INFO] [stdout] 
[INFO] [stdout] error[E0425]: cannot find function `set_exit_status` in module `env`
[INFO] [stdout]   --> src/main.rs:49:22
[INFO] [stdout]    |
[INFO] [stdout] 49 |                 env::set_exit_status(exit_status);
[INFO] [stdout]    |                      ^^^^^^^^^^^^^^^ not found in `env`
[INFO] [stdout] ...
[INFO] [stdout] 79 |             let status_id = get_or_exit!(find_status_id(&mut cache, &client, &new_status));
[INFO] [stdout]    |                             -------------------------------------------------------------- in this macro invocation
[INFO] [stdout]    |
[INFO] [stdout]    = note: this error originates in a macro (in Nightly builds, run with -Z macro-backtrace for more info)
[INFO] [stdout] 
[INFO] [stdout] 
[INFO] [stdout] error[E0425]: cannot find function `set_exit_status` in module `env`
[INFO] [stdout]   --> src/main.rs:49:22
[INFO] [stdout]    |
[INFO] [stdout] 49 |                 env::set_exit_status(exit_status);
[INFO] [stdout]    |                      ^^^^^^^^^^^^^^^ not found in `env`
[INFO] [stdout] ...
[INFO] [stdout] 80 |             get_or_exit!(client.update_issue(number, status_id));
[INFO] [stdout]    |             ----------------------------------------------------- in this macro invocation
[INFO] [stdout]    |
[INFO] [stdout]    = note: this error originates in a macro (in Nightly builds, run with -Z macro-backtrace for more info)
[INFO] [stdout] 
[INFO] [stdout] 
[INFO] [stdout] error[E0412]: cannot find type `HttpError` in crate `hyper`
[INFO] [stdout]    --> src/client.rs:114:18
[INFO] [stdout]     |
[INFO] [stdout] 114 | impl From<hyper::HttpError> for Error {
[INFO] [stdout]     |                  ^^^^^^^^^ not found in `hyper`
[INFO] [stdout] 
[INFO] [stdout] 
[INFO] [stdout] error[E0412]: cannot find type `HttpError` in crate `hyper`
[INFO] [stdout]    --> src/client.rs:115:25
[INFO] [stdout]     |
[INFO] [stdout] 115 |     fn from(err: hyper::HttpError) -> Error {
[INFO] [stdout]     |                         ^^^^^^^^^ not found in `hyper`
[INFO] [stdout] 
[INFO] [stdout] 
[INFO] [stdout] error[E0425]: cannot find function, tuple struct or tuple variant `RedmineApiKey` in this scope
[INFO] [stdout]    --> src/client.rs:216:21
[INFO] [stdout]     |
[INFO] [stdout] 216 |             .header(RedmineApiKey(self.config.redmine_key().to_string()))
[INFO] [stdout]     |                     ^^^^^^^^^^^^^ not found in this scope
[INFO] [stdout] 
[INFO] [stdout] 
[INFO] [stdout] error[E0603]: struct `Response` is private
[INFO] [stdout]    --> src/client.rs:199:75
[INFO] [stdout]     |
[INFO] [stdout] 199 |     fn send_request<'a>(&self, request: Request) -> Result<hyper::client::Response, Error> {
[INFO] [stdout]     |                                                                           ^^^^^^^^ private struct
[INFO] [stdout]     |
[INFO] [stdout] note: the struct `Response` is defined here
[INFO] [stdout]    --> /opt/rustwide/cargo-home/registry/src/github.com-1ecc6299db9ec823/hyper-0.13.7/src/client/mod.rs:60:29
[INFO] [stdout]     |
[INFO] [stdout] 60  | use http::{Method, Request, Response, Uri, Version};
[INFO] [stdout]     |                             ^^^^^^^^
[INFO] [stdout] 
[INFO] [stdout] 
[INFO] [stdout] error[E0425]: cannot find function, tuple struct or tuple variant `ContentType` in module `header`
[INFO] [stdout]    --> src/client.rs:217:29
[INFO] [stdout]     |
[INFO] [stdout] 217 |             .header(header::ContentType("application/json".parse().unwrap()));
[INFO] [stdout]     |                             ^^^^^^^^^^^ not found in `header`
[INFO] [stdout]     |
[INFO] [stdout] help: consider importing this unit variant
[INFO] [stdout]     |
[INFO] [stdout] 17  | use client::header::name::StandardHeader::ContentType;
[INFO] [stdout]     |
[INFO] [stdout] 
[INFO] [stdout] 
[INFO] [stdout] error[E0425]: cannot find function `now` in crate `time`
[INFO] [stdout]   --> src/cache.rs:43:40
[INFO] [stdout]    |
[INFO] [stdout] 43 |                     let now    = time::now().to_timespec();
[INFO] [stdout]    |                                        ^^^ not found in `time`
[INFO] [stdout]    |
[INFO] [stdout] help: consider importing this function
[INFO] [stdout]    |
[INFO] [stdout] 17 | use user_config::io::sys::time::inner::now;
[INFO] [stdout]    |
[INFO] [stdout] 
[INFO] [stdout] 
[INFO] [stdout] error[E0433]: failed to resolve: could not find `Timespec` in `time`
[INFO] [stdout]   --> src/cache.rs:46:40
[INFO] [stdout]    |
[INFO] [stdout] 46 |                     let change = time::Timespec::new(cache_modified_sec as i64, 0);
[INFO] [stdout]    |                                        ^^^^^^^^ not found in `time`
[INFO] [stdout]    |
[INFO] [stdout] help: consider importing this struct
[INFO] [stdout]    |
[INFO] [stdout] 17 | use user_config::io::sys::time::Timespec;
[INFO] [stdout]    |
[INFO] [stdout] 
[INFO] [stdout] 
[INFO] [stdout] error[E0425]: cannot find function `set_exit_status` in module `env`
[INFO] [stdout]   --> src/main.rs:49:22
[INFO] [stdout]    |
[INFO] [stdout] 49 |                 env::set_exit_status(exit_status);
[INFO] [stdout]    |                      ^^^^^^^^^^^^^^^ not found in `env`
[INFO] [stdout] ...
[INFO] [stdout] 61 |     let args   = get_or_exit!(args::parse(),      e => e.exit_status());
[INFO] [stdout]    |                  ------------------------------------------------------ in this macro invocation
[INFO] [stdout]    |
[INFO] [stdout]    = note: this error originates in a macro (in Nightly builds, run with -Z macro-backtrace for more info)
[INFO] [stdout] 
[INFO] [stdout] 
[INFO] [stdout] error[E0425]: cannot find function `set_exit_status` in module `env`
[INFO] [stdout]   --> src/main.rs:49:22
[INFO] [stdout]    |
[INFO] [stdout] 49 |                 env::set_exit_status(exit_status);
[INFO] [stdout]    |                      ^^^^^^^^^^^^^^^ not found in `env`
[INFO] [stdout] ...
[INFO] [stdout] 62 |     let config = get_or_exit!(user_config::get());
[INFO] [stdout]    |                  -------------------------------- in this macro invocation
[INFO] [stdout]    |
[INFO] [stdout]    = note: this error originates in a macro (in Nightly builds, run with -Z macro-backtrace for more info)
[INFO] [stdout] 
[INFO] [stdout] 
[INFO] [stdout] error[E0425]: cannot find function `set_exit_status` in module `env`
[INFO] [stdout]   --> src/main.rs:49:22
[INFO] [stdout]    |
[INFO] [stdout] 49 |                 env::set_exit_status(exit_status);
[INFO] [stdout]    |                      ^^^^^^^^^^^^^^^ not found in `env`
[INFO] [stdout] ...
[INFO] [stdout] 65 |     let mut cache = get_or_exit!(cache::Cache::new(&mut client));
[INFO] [stdout]    |                     -------------------------------------------- in this macro invocation
[INFO] [stdout]    |
[INFO] [stdout]    = note: this error originates in a macro (in Nightly builds, run with -Z macro-backtrace for more info)
[INFO] [stdout] 
[INFO] [stdout] 
[INFO] [stdout] error[E0425]: cannot find function `set_exit_status` in module `env`
[INFO] [stdout]   --> src/main.rs:49:22
[INFO] [stdout]    |
[INFO] [stdout] 49 |                 env::set_exit_status(exit_status);
[INFO] [stdout]    |                      ^^^^^^^^^^^^^^^ not found in `env`
[INFO] [stdout] ...
[INFO] [stdout] 73 |             let status_id = get_or_exit!(find_status_id(&mut cache, &client, &status_name));
[INFO] [stdout]    |                             --------------------------------------------------------------- in this macro invocation
[INFO] [stdout]    |
[INFO] [stdout]    = note: this error originates in a macro (in Nightly builds, run with -Z macro-backtrace for more info)
[INFO] [stdout] 
[INFO] [stdout] 
[INFO] [stdout] error[E0425]: cannot find function `set_exit_status` in module `env`
[INFO] [stdout]   --> src/main.rs:49:22
[INFO] [stdout]    |
[INFO] [stdout] 49 |                 env::set_exit_status(exit_status);
[INFO] [stdout]    |                      ^^^^^^^^^^^^^^^ not found in `env`
[INFO] [stdout] ...
[INFO] [stdout] 75 |             get_or_exit!(client.update_issue(number, status_id));
[INFO] [stdout]    |             ----------------------------------------------------- in this macro invocation
[INFO] [stdout]    |
[INFO] [stdout]    = note: this error originates in a macro (in Nightly builds, run with -Z macro-backtrace for more info)
[INFO] [stdout] 
[INFO] [stdout] 
[INFO] [stdout] error[E0425]: cannot find function `set_exit_status` in module `env`
[INFO] [stdout]   --> src/main.rs:49:22
[INFO] [stdout]    |
[INFO] [stdout] 49 |                 env::set_exit_status(exit_status);
[INFO] [stdout]    |                      ^^^^^^^^^^^^^^^ not found in `env`
[INFO] [stdout] ...
[INFO] [stdout] 79 |             let status_id = get_or_exit!(find_status_id(&mut cache, &client, &new_status));
[INFO] [stdout]    |                             -------------------------------------------------------------- in this macro invocation
[INFO] [stdout]    |
[INFO] [stdout]    = note: this error originates in a macro (in Nightly builds, run with -Z macro-backtrace for more info)
[INFO] [stdout] 
[INFO] [stdout] 
[INFO] [stdout] error[E0425]: cannot find function `set_exit_status` in module `env`
[INFO] [stdout]   --> src/main.rs:49:22
[INFO] [stdout]    |
[INFO] [stdout] 49 |                 env::set_exit_status(exit_status);
[INFO] [stdout]    |                      ^^^^^^^^^^^^^^^ not found in `env`
[INFO] [stdout] ...
[INFO] [stdout] 80 |             get_or_exit!(client.update_issue(number, status_id));
[INFO] [stdout]    |             ----------------------------------------------------- in this macro invocation
[INFO] [stdout]    |
[INFO] [stdout]    = note: this error originates in a macro (in Nightly builds, run with -Z macro-backtrace for more info)
[INFO] [stdout] 
[INFO] [stdout] 
[INFO] [stdout] error[E0603]: struct `Response` is private
[INFO] [stdout]    --> src/client.rs:199:75
[INFO] [stdout]     |
[INFO] [stdout] 199 |     fn send_request<'a>(&self, request: Request) -> Result<hyper::client::Response, Error> {
[INFO] [stdout]     |                                                                           ^^^^^^^^ private struct
[INFO] [stdout]     |
[INFO] [stdout] note: the struct `Response` is defined here
[INFO] [stdout]    --> /opt/rustwide/cargo-home/registry/src/github.com-1ecc6299db9ec823/hyper-0.13.7/src/client/mod.rs:60:29
[INFO] [stdout]     |
[INFO] [stdout] 60  | use http::{Method, Request, Response, Uri, Version};
[INFO] [stdout]     |                             ^^^^^^^^
[INFO] [stdout] 
[INFO] [stdout] 
[INFO] [stdout] warning: use of deprecated macro `try`: use the `?` operator instead
[INFO] [stdout]    --> src/args.rs:137:24
[INFO] [stdout]     |
[INFO] [stdout] 137 |     let raw: RawArgs = try!(Docopt::new(USAGE).and_then(|d| d.decode()));
[INFO] [stdout]     |                        ^^^
[INFO] [stdout]     |
[INFO] [stdout]     = note: `#[warn(deprecated)]` on by default
[INFO] [stdout] 
[INFO] [stdout] 
[INFO] [stdout] warning: use of deprecated macro `try`: use the `?` operator instead
[INFO] [stdout]    --> src/client.rs:150:25
[INFO] [stdout]     |
[INFO] [stdout] 150 |         let _response = try!(self.send_request(Request {
[INFO] [stdout]     |                         ^^^
[INFO] [stdout] 
[INFO] [stdout] 
[INFO] [stdout] warning: use of deprecated macro `try`: use the `?` operator instead
[INFO] [stdout]    --> src/client.rs:165:28
[INFO] [stdout]     |
[INFO] [stdout] 165 |         let mut response = try!(self.send_request(Request {
[INFO] [stdout]     |                            ^^^
[INFO] [stdout] 
[INFO] [stdout] 
[INFO] [stdout] warning: use of deprecated macro `try`: use the `?` operator instead
[INFO] [stdout]    --> src/client.rs:172:9
[INFO] [stdout]     |
[INFO] [stdout] 172 |         try!(response.read_to_string(&mut response_contents));
[INFO] [stdout]     |         ^^^
[INFO] [stdout] 
[INFO] [stdout] 
[INFO] [stdout] warning: use of deprecated macro `try`: use the `?` operator instead
[INFO] [stdout]    --> src/client.rs:174:37
[INFO] [stdout]     |
[INFO] [stdout] 174 |         let parsed: IssueStatuses = try!(json::decode(&response_contents));
[INFO] [stdout]     |                                     ^^^
[INFO] [stdout] 
[INFO] [stdout] 
[INFO] [stdout] warning: use of deprecated macro `try`: use the `?` operator instead
[INFO] [stdout]    --> src/client.rs:185:28
[INFO] [stdout]     |
[INFO] [stdout] 185 |         let mut response = try!(self.send_request(Request {
[INFO] [stdout]     |                            ^^^
[INFO] [stdout] 
[INFO] [stdout] 
[INFO] [stdout] warning: use of deprecated macro `try`: use the `?` operator instead
[INFO] [stdout]    --> src/client.rs:192:9
[INFO] [stdout]     |
[INFO] [stdout] 192 |         try!(response.read_to_string(&mut response_contents));
[INFO] [stdout]     |         ^^^
[INFO] [stdout] 
[INFO] [stdout] 
[INFO] [stdout] warning: use of deprecated macro `try`: use the `?` operator instead
[INFO] [stdout]    --> src/client.rs:194:29
[INFO] [stdout]     |
[INFO] [stdout] 194 |         let parsed: Users = try!(json::decode(&response_contents));
[INFO] [stdout]     |                             ^^^
[INFO] [stdout] 
[INFO] [stdout] 
[INFO] [stdout] warning: use of deprecated macro `try`: use the `?` operator instead
[INFO] [stdout]    --> src/client.rs:224:24
[INFO] [stdout]     |
[INFO] [stdout] 224 |         let response = try!(complete_request.send());
[INFO] [stdout]     |                        ^^^
[INFO] [stdout] 
[INFO] [stdout] 
[INFO] [stdout] warning: use of deprecated macro `try`: use the `?` operator instead
[INFO] [stdout]    --> src/user_config.rs:107:23
[INFO] [stdout]     |
[INFO] [stdout] 107 |     let config_file = try!(File::open(&path));
[INFO] [stdout]     |                       ^^^
[INFO] [stdout] 
[INFO] [stdout] 
[INFO] [stdout] warning: use of deprecated macro `try`: use the `?` operator instead
[INFO] [stdout]    --> src/user_config.rs:110:5
[INFO] [stdout]     |
[INFO] [stdout] 110 |     try!(BufReader::new(config_file).read_to_string(&mut config_src));
[INFO] [stdout]     |     ^^^
[INFO] [stdout] 
[INFO] [stdout] 
[INFO] [stdout] warning: use of deprecated macro `try`: use the `?` operator instead
[INFO] [stdout]    --> src/args.rs:137:24
[INFO] [stdout]     |
[INFO] [stdout] 137 |     let raw: RawArgs = try!(Docopt::new(USAGE).and_then(|d| d.decode()));
[INFO] [stdout]     |                        ^^^
[INFO] [stdout]     |
[INFO] [stdout]     = note: `#[warn(deprecated)]` on by default
[INFO] [stdout] 
[INFO] [stdout] 
[INFO] [stdout] warning: use of deprecated macro `try`: use the `?` operator instead
[INFO] [stdout]    --> src/user_config.rs:112:16
[INFO] [stdout]     |
[INFO] [stdout] 112 |     let data = try!(json::decode(&config_src));
[INFO] [stdout]     |                ^^^
[INFO] [stdout] 
[INFO] [stdout] 
[INFO] [stdout] warning: use of deprecated macro `try`: use the `?` operator instead
[INFO] [stdout]   --> src/cache.rs:85:32
[INFO] [stdout]    |
[INFO] [stdout] 85 |                 let statuses = try!(client.issue_statuses());
[INFO] [stdout]    |                                ^^^
[INFO] [stdout] 
[INFO] [stdout] 
[INFO] [stdout] warning: use of deprecated macro `try`: use the `?` operator instead
[INFO] [stdout]    --> src/client.rs:150:25
[INFO] [stdout]     |
[INFO] [stdout] 150 |         let _response = try!(self.send_request(Request {
[INFO] [stdout]     |                         ^^^
[INFO] [stdout] 
[INFO] [stdout] 
[INFO] [stdout] warning: use of deprecated macro `try`: use the `?` operator instead
[INFO] [stdout]    --> src/client.rs:165:28
[INFO] [stdout]     |
[INFO] [stdout] 165 |         let mut response = try!(self.send_request(Request {
[INFO] [stdout]     |                            ^^^
[INFO] [stdout] 
[INFO] [stdout] 
[INFO] [stdout] warning: use of deprecated macro `try`: use the `?` operator instead
[INFO] [stdout]    --> src/client.rs:172:9
[INFO] [stdout]     |
[INFO] [stdout] 172 |         try!(response.read_to_string(&mut response_contents));
[INFO] [stdout]     |         ^^^
[INFO] [stdout] 
[INFO] [stdout] 
[INFO] [stdout] warning: use of deprecated macro `try`: use the `?` operator instead
[INFO] [stdout]    --> src/client.rs:174:37
[INFO] [stdout]     |
[INFO] [stdout] 174 |         let parsed: IssueStatuses = try!(json::decode(&response_contents));
[INFO] [stdout]     |                                     ^^^
[INFO] [stdout] 
[INFO] [stdout] 
[INFO] [stdout] warning: use of deprecated macro `try`: use the `?` operator instead
[INFO] [stdout]    --> src/client.rs:185:28
[INFO] [stdout]     |
[INFO] [stdout] 185 |         let mut response = try!(self.send_request(Request {
[INFO] [stdout]     |                            ^^^
[INFO] [stdout] 
[INFO] [stdout] 
[INFO] [stdout] warning: trait objects without an explicit `dyn` are deprecated
[INFO] [stdout]    --> src/args.rs:114:32
[INFO] [stdout]     |
[INFO] [stdout] 114 |     fn cause(&self) -> Option<&error::Error> {
[INFO] [stdout]     |                                ^^^^^^^^^^^^ help: use `dyn`: `dyn error::Error`
[INFO] [stdout]     |
[INFO] [stdout]     = note: `#[warn(bare_trait_objects)]` on by default
[INFO] [stdout] 
[INFO] [stdout] 
[INFO] [stdout] warning: use of deprecated macro `try`: use the `?` operator instead
[INFO] [stdout]    --> src/client.rs:192:9
[INFO] [stdout]     |
[INFO] [stdout] 192 |         try!(response.read_to_string(&mut response_contents));
[INFO] [stdout]     |         ^^^
[INFO] [stdout] 
[INFO] [stdout] 
[INFO] [stdout] warning: use of deprecated macro `try`: use the `?` operator instead
[INFO] [stdout]    --> src/client.rs:194:29
[INFO] [stdout]     |
[INFO] [stdout] 194 |         let parsed: Users = try!(json::decode(&response_contents));
[INFO] [stdout]     |                             ^^^
[INFO] [stdout] 
[INFO] [stdout] 
[INFO] [stdout] warning: use of deprecated macro `try`: use the `?` operator instead
[INFO] [stdout]    --> src/client.rs:224:24
[INFO] [stdout]     |
[INFO] [stdout] 224 |         let response = try!(complete_request.send());
[INFO] [stdout]     |                        ^^^
[INFO] [stdout] 
[INFO] [stdout] 
[INFO] [stdout] warning: use of deprecated macro `try`: use the `?` operator instead
[INFO] [stdout]    --> src/user_config.rs:107:23
[INFO] [stdout]     |
[INFO] [stdout] 107 |     let config_file = try!(File::open(&path));
[INFO] [stdout]     |                       ^^^
[INFO] [stdout] 
[INFO] [stdout] 
[INFO] [stdout] warning: use of deprecated macro `try`: use the `?` operator instead
[INFO] [stdout]    --> src/user_config.rs:110:5
[INFO] [stdout]     |
[INFO] [stdout] 110 |     try!(BufReader::new(config_file).read_to_string(&mut config_src));
[INFO] [stdout]     |     ^^^
[INFO] [stdout] 
[INFO] [stdout] 
[INFO] [stdout] warning: trait objects without an explicit `dyn` are deprecated
[INFO] [stdout]   --> src/client.rs:74:14
[INFO] [stdout]    |
[INFO] [stdout] 74 |     Http(Box<PrintableError>),
[INFO] [stdout]    |              ^^^^^^^^^^^^^^ help: use `dyn`: `dyn PrintableError`
[INFO] [stdout] 
[INFO] [stdout] 
[INFO] [stdout] warning: use of deprecated macro `try`: use the `?` operator instead
[INFO] [stdout]    --> src/user_config.rs:112:16
[INFO] [stdout]     |
[INFO] [stdout] 112 |     let data = try!(json::decode(&config_src));
[INFO] [stdout]     |                ^^^
[INFO] [stdout] 
[INFO] [stdout] 
[INFO] [stdout] warning: use of deprecated macro `try`: use the `?` operator instead
[INFO] [stdout]   --> src/cache.rs:85:32
[INFO] [stdout]    |
[INFO] [stdout] 85 |                 let statuses = try!(client.issue_statuses());
[INFO] [stdout]    |                                ^^^
[INFO] [stdout] 
[INFO] [stdout] 
[INFO] [stdout] warning: trait objects without an explicit `dyn` are deprecated
[INFO] [stdout]   --> src/client.rs:75:18
[INFO] [stdout]    |
[INFO] [stdout] 75 |     Response(Box<PrintableError>),
[INFO] [stdout]    |                  ^^^^^^^^^^^^^^ help: use `dyn`: `dyn PrintableError`
[INFO] [stdout] 
[INFO] [stdout] 
[INFO] [stdout] warning: trait objects without an explicit `dyn` are deprecated
[INFO] [stdout]    --> src/args.rs:114:32
[INFO] [stdout]     |
[INFO] [stdout] 114 |     fn cause(&self) -> Option<&error::Error> {
[INFO] [stdout]     |                                ^^^^^^^^^^^^ help: use `dyn`: `dyn error::Error`
[INFO] [stdout]     |
[INFO] [stdout]     = note: `#[warn(bare_trait_objects)]` on by default
[INFO] [stdout] 
[INFO] [stdout] 
[INFO] [stdout] warning: trait objects without an explicit `dyn` are deprecated
[INFO] [stdout]   --> src/client.rs:74:14
[INFO] [stdout]    |
[INFO] [stdout] 74 |     Http(Box<PrintableError>),
[INFO] [stdout]    |              ^^^^^^^^^^^^^^ help: use `dyn`: `dyn PrintableError`
[INFO] [stdout] 
[INFO] [stdout] 
[INFO] [stdout] warning: trait objects without an explicit `dyn` are deprecated
[INFO] [stdout]   --> src/client.rs:75:18
[INFO] [stdout]    |
[INFO] [stdout] 75 |     Response(Box<PrintableError>),
[INFO] [stdout]    |                  ^^^^^^^^^^^^^^ help: use `dyn`: `dyn PrintableError`
[INFO] [stdout] 
[INFO] [stdout] 
[INFO] [stdout] warning: unused import: `parse`
[INFO] [stdout]   --> src/main.rs:40:18
[INFO] [stdout]    |
[INFO] [stdout] 40 | use args::{Args, parse};
[INFO] [stdout]    |                  ^^^^^
[INFO] [stdout]    |
[INFO] [stdout]    = note: `#[warn(unused_imports)]` on by default
[INFO] [stdout] 
[INFO] [stdout] 
[INFO] [stdout] warning: unused import: `parse`
[INFO] [stdout]   --> src/main.rs:40:18
[INFO] [stdout]    |
[INFO] [stdout] 40 | use args::{Args, parse};
[INFO] [stdout]    |                  ^^^^^
[INFO] [stdout]    |
[INFO] [stdout]    = note: `#[warn(unused_imports)]` on by default
[INFO] [stdout] 
[INFO] [stdout] 
[INFO] [stdout] error[E0107]: wrong number of type arguments: expected 1, found 0
[INFO] [stdout]    --> src/client.rs:199:60
[INFO] [stdout]     |
[INFO] [stdout] 199 |     fn send_request<'a>(&self, request: Request) -> Result<hyper::client::Response, Error> {
[INFO] [stdout]     |                                                            ^^^^^^^^^^^^^^^^^^^^^^^ expected 1 type argument
[INFO] [stdout] 
[INFO] [stdout] 
[INFO] [stdout] error: aborting due to 21 previous errors; 17 warnings emitted
[INFO] [stdout] 
[INFO] [stdout] 
[INFO] [stdout] Some errors have detailed explanations: E0107, E0412, E0425, E0432, E0433, E0469, E0603.
[INFO] [stdout] 
[INFO] [stdout] For more information about an error, try `rustc --explain E0107`.
[INFO] [stdout] 
[INFO] [stderr] error: could not compile `rdm`.
[INFO] [stdout] error[E0107]: wrong number of type arguments: expected 1, found 0
[INFO] [stdout]    --> src/client.rs:199:60
[INFO] [stdout]     |
[INFO] [stdout] 199 |     fn send_request<'a>(&self, request: Request) -> Result<hyper::client::Response, Error> {
[INFO] [stdout]     |                                                            ^^^^^^^^^^^^^^^^^^^^^^^ expected 1 type argument
[INFO] [stdout] 
[INFO] [stdout] 
[INFO] [stderr] 
[INFO] [stdout] error: aborting due to 21 previous errors; 17 warnings emitted
[INFO] [stdout] 
[INFO] [stdout] 
[INFO] [stderr] To learn more, run the command again with --verbose.
[INFO] [stdout] Some errors have detailed explanations: E0107, E0412, E0425, E0432, E0433, E0469, E0603.
[INFO] [stdout] 
[INFO] [stderr] warning: build failed, waiting for other jobs to finish...
[INFO] [stdout] For more information about an error, try `rustc --explain E0107`.
[INFO] [stdout] 
[INFO] [stderr] error: build failed
[INFO] running `Command { std: "docker" "inspect" "de9053cd902a8f9d87abb7e3ecc0f81317d2c18e9ed10a1b1ba2810dadc01f87", kill_on_drop: false }`
[INFO] running `Command { std: "docker" "rm" "-f" "de9053cd902a8f9d87abb7e3ecc0f81317d2c18e9ed10a1b1ba2810dadc01f87", kill_on_drop: false }`
[INFO] [stdout] de9053cd902a8f9d87abb7e3ecc0f81317d2c18e9ed10a1b1ba2810dadc01f87
